{"id":903,"date":"2014-10-16T17:20:28","date_gmt":"2014-10-16T09:20:28","guid":{"rendered":"http:\/\/si.secda.info\/scuib201901\/?page_id=903"},"modified":"2019-12-27T14:03:22","modified_gmt":"2019-12-27T06:03:22","slug":"%e7%a0%94%e7%a9%b6%e5%85%a7%e5%ae%b9%e9%a0%85%e7%9b%ae%e4%b8%80","status":"publish","type":"page","link":"https:\/\/si.secda.info\/scuib201901\/","title":{"rendered":"\u516c\u53f8\u4ecb\u7d39"},"content":{"rendered":"<h1><span style=\"font-size: 36pt;\"><strong>\u840a\u96c5\u96c6\u5718<\/strong><img loading=\"lazy\" decoding=\"async\" class=\"size-medium wp-image-1364 alignright\" src=\"http:\/\/si.secda.info\/scuib201901\/wp-content\/uploads\/2014\/10\/cropped-\u4e0b\u8f09-300x86.png\" alt=\"cropped-\u4e0b\u8f09.png\" width=\"300\" height=\"86\" \/><\/span><\/h1>\n<p>\u5275\u8fa6\u65bc1909\u5e74\uff0c\u662f\u4e16\u754c\u4e0a\u6700\u5927\u6700\u8457\u540d\u7684\u5316\u599d\u54c1\u4f01\u696d\uff0c\u540c\u6642\u4e5f\u662f\u8ca1\u5bcc\u5168\u7403500\u5f37\u4f01\u696d\u4e4b\u4e00\u3002<\/p>\n<p>\u840a\u96c5\u96c6\u5718\u767e\u5e74\u4f86\u4ee5\u9ad8\u79d1\u6280\u8207\u7f8e\u9e97\u7d50\u5408\uff0c\u4e26\u53c3\u8207\u5168\u7403\u8a31\u591a\u91cd\u8981\u6642\u5c1a\u3001\u5a1b\u6a02\u5927\u4e8b\uff0c<\/p>\n<p>2013\u5e745\u6708\u4e5f\u5c07\u9023\u7e8c\u7b2c14\u5e74\u8d0a\u52a9\u5168\u7403\u5f71\u58c7\u6700\u5927\u76db\u4e8b\uff0d\u574e\u57ce\u5f71\u5c55\u3002<\/p>\n<p>\u840a\u96c5\u96c6\u5718\u662f\u4e16\u754c\u7f8e\u599d\u54c1\u884c\u696d\u4e2d\u7684\u7684\u9818\u5c0e\u8005\uff0c\u7d93\u71df\u7bc4\u570d\u904d\u53ca150\u591a\u500b\u570b\u5bb6\u548c\u5730\u5340\uff0c\u5728\u5168\u7403\u64c1\u6709150\u500b\u5206\u516c\u53f8\u300142\u5bb6\u5de5\u5ee0\u3001100\u591a\u500b\u4ee3\u7406\u5546\uff0c<\/p>\n<p>\u4ee5\u53ca86,000\u540d\u7684\u54e1\u5de5\uff0c\u662f\u7e3d\u90e8\u8a2d\u65bc\u6cd5\u570b\u7684\u8de8\u570b\u516c\u53f8\u3002<\/p>\n<p>\u840a\u96c52010\u5e74\u5ea6\u7684\u92b7\u552e\u984d\u9054\u5230195\u5104\u6b50\u5143\uff0c\u5404\u9805\u6709\u5f62\u548c\u7121\u5f62\u8cc7\u7522\u52a0\u7e3d\u9ad8\u9054628\u5104\u6b50\u5143\uff0c\u5168\u7403\u63a1\u8cfc\u6bcf\u5e74\u82b1\u8cbb\u7d0410\u5104\u6b50\u5143\u3002<\/p>\n<p>&nbsp;<\/p>\n<p>&nbsp;<\/p>\n<h1><span style=\"color: #000080;\"><strong>\u4e00\u3001\u840a\u96c5\u8a8d\u70ba\u7684\u4f7f\u547d<\/strong><\/span><\/h1>\n<p>\u4e00\u767e\u591a\u5e74\u4f86\uff0c\u840a\u96c5\u59cb\u7d42\u81f4\u529b\u65bc\u300c\u7f8e\u300d\u7684\u4e8b\u696d\u3002\u9019\u662f\u4e00\u500b\u6975\u5bcc\u610f\u7fa9\u7684\u4e8b\u696d\uff0c\u5b83\u5e6b\u52a9\u6bcf\u500b\u4eba\u8868\u9054\u81ea\u6211\u3001\u7372\u5f97\u81ea\u4fe1\u4e26\u5efa\u7acb\u4eba\u969b\u95dc\u4fc2\u3002<br \/>\n<strong>\u7f8e\u9e97\u662f\u4e00\u7a2e\u8a9e\u8a00\u3002<\/strong><\/p>\n<p>\u840a\u96c5\u4e00\u76f4\u4ee5\u4f86\uff0c\u671f\u8a31\u80fd\u70ba\u4e16\u754c\u4e0a\u6240\u6709\u5973\u6027\u8207\u7537\u6027\uff0c\u63d0\u4f9b\u54c1\u8cea\u3001\u6548\u7387\u8207\u5b89\u5168\u6027\u7686\u81fb\u81f3\u5b8c\u5584\u7684\u5275\u65b0\u7f8e\u599d\uff0c\u52aa\u529b\u6eff\u8db3\u4e16\u754c\u5404\u7a2e\u5c0d\u7f8e\u9e97\u7684\u9700\u6c42\u8207\u617e\u671b\u3002<br \/>\n<strong>\u8ffd\u6c42\u7f8e\u9e97\u5168\u7403\u7686\u7136<\/strong><\/p>\n<p>\u7531\u79d1\u5b78\u5bb6\u6240\u5275\u8fa6\u7684\u840a\u96c5\u96c6\u5718\uff0c\u4e0d\u65b7\u4ee5\u79d1\u5b78\u7814\u7a76\u7a81\u7834\u77e5\u8b58\u754c\u7dda\uff0c\u4ee5\u7368\u7279\u7684\u7814\u7a76\u5be6\u529b\u63a2\u7d22\u7f8e\u9e97\uff0c\u5438\u6536\u4e16\u754c\u5404\u5730\u7684\u7f8e\u5bb9\u65b0\u77e5\uff0c\u5275\u9020\u5353\u8d8a\u9818\u5148\u7684\u7f8e\u599d\u7522\u54c1\u3002<br \/>\n<strong>\u7f8e\u9e97\u662f\u4e00\u7a2e\u79d1\u5b78<\/strong><\/p>\n<p>\u63d0\u4f9b\u80fd\u70ba\u6d88\u8cbb\u8005\u5e36\u4f86\u5e78\u798f\u7684\u7522\u54c1\uff0c\u4ee5\u5275\u65b0\u5be6\u529b\u4fdd\u8b77\u5730\u7403\u4e4b\u7f8e\uff0c\u8207\u7576\u5730\u793e\u5340\u5171\u751f\u5171\u69ae\uff1b\u9019\u4e9b\u8271\u9245\u7684\u6311\u6230\uff0c\u6b63\u662f\u6fc0\u767c\u840a\u96c5\u7121\u76e1\u9748\u611f\u8207\u5275\u610f\u7684\u6cc9\u6e90\u3002<br \/>\n<strong>\u7f8e\u9e97\u662f\u4e00\u7a2e\u627f\u8afe<\/strong><\/p>\n<p>\u840a\u96c5\u96c6\u7d50\u5718\u968a\u591a\u5143\u7684\u529b\u91cf\uff0c\u63d0\u4f9b\u8c50\u5bcc\u4e14\u5b8c\u6574\u7684\u54c1\u724c\u7d44\u5408\uff0c\u4ee5\u8ffd\u6c42\u300c\u5bf0\u5b87\u7f8e\u9e97\uff0c\u5c08\u5c6c\u98a8\u91c7\u300d\uff0c\u70ba\u5411\u524d\u52aa\u529b\u9081\u9032\u7684\u76ee\u6a19\u3002<br \/>\n<strong>\u840a\u96c5\uff0c\u4f7f\u4eba\u4eba\u4eab\u7f8e<\/strong><\/p>\n<p>&nbsp;<\/p>\n<h1><strong><span style=\"color: #000080;\">\u4e8c\u3001\u6210\u7acb\u8d77\u6e90<\/span><\/strong><\/h1>\n<h1>1907\u5e74<\/h1>\n<p><span style=\"font-size: 14pt;\">\u6cd5\u570b\u5316\u5b78\u5bb6\u53f2\u5a01\u62c9(Eugene Schueller) \u2022 \u767c\u660e\u4e16\u754c\u4e0a\u7b2c\u4e00\u652f\u7121\u6bd2\u67d3\u9aee\u5291Aur\u00e9ole<\/span><\/p>\n<p><strong><span style=\"font-size: 36pt; color: #33cccc;\">\u2193<\/span><\/strong><\/p>\n<h1>1909\u5e74<\/h1>\n<p><span style=\"font-size: 14pt;\">\u53f2\u5a01\u62c9(Eugene Schueller)\u00a0\u8a3b\u518aSoci\u00e9t\u00e9 Fran\u00e7aise de Teintures Inoffensives pour Cheveux\uff08\u6cd5\u570b\u7121\u5bb3\u67d3\u9aee\u5291\u516c\u53f8\uff09 \u2022 L\u2019Or\u00e9al\u7684\u524d\u8eab<\/span><\/p>\n<p><strong><span style=\"font-size: 36pt; color: #33cccc;\">\u2193<\/span><\/strong><\/p>\n<h1>1939\u5e74<\/h1>\n<p><span style=\"font-size: 14pt;\">\u201c\u6cd5\u570b\u7121\u5bb3\u67d3\u9aee\u5291\u516c\u53f8\u201d\u6b63\u5f0f\u66f4\u540d\u70baL\u2019Or\u00e9al<\/span><\/p>\n<p><strong><span style=\"font-size: 36pt; color: #33cccc;\">\u2193<\/span><\/strong><\/p>\n<h1><strong><span style=\"font-size: 18pt;\">\u73fe\u4eca\u7684\u840a\u96c5<\/span><\/strong><\/h1>\n<p><img loading=\"lazy\" decoding=\"async\" class=\"alignnone wp-image-1451\" src=\"http:\/\/si.secda.info\/scuib201901\/wp-content\/uploads\/2014\/10\/gj4rm4-300x166.png\" alt=\"gj4rm4\" width=\"892\" height=\"493\" srcset=\"https:\/\/si.secda.info\/scuib201901\/wp-content\/uploads\/2014\/10\/gj4rm4-300x166.png 300w, https:\/\/si.secda.info\/scuib201901\/wp-content\/uploads\/2014\/10\/gj4rm4-768x424.png 768w, https:\/\/si.secda.info\/scuib201901\/wp-content\/uploads\/2014\/10\/gj4rm4-800x442.png 800w, https:\/\/si.secda.info\/scuib201901\/wp-content\/uploads\/2014\/10\/gj4rm4.png 1097w\" sizes=\"auto, (max-width: 892px) 100vw, 892px\" \/><\/p>\n<p>&nbsp;<\/p>\n<h1><span style=\"color: #000080;\"><strong>\u4e09\u3001\u95dc\u65bc\u52d5\u7269\u6e2c\u8a66\u8b70\u984c\u4e4b\u8aaa\u660e<\/strong><\/span><\/h1>\n<p>\u78ba\u4fdd\u6d88\u8cbb\u8005\u7684\u5065\u5eb7\u548c\u5b89\u5168\u4e00\u76f4\u662f\u840a\u96c5\u96c6\u5718\u7684\u7d55\u5c0d\u512a\u5148\u6e96\u5247\u3002\u8207\u6b64\u540c\u6642\uff0c\u840a\u96c5\u5c0d\u652f\u6301\u52d5\u7269\u798f\u5229\u4e5f\u5341\u5206\u91cd\u8996\u3002<\/p>\n<p>\u840a\u96c5\u96c6\u5718\u5728\u5176\u7814\u767c\u7684\u652f\u63f4\u4e0b\uff0c\u5df2\u7d93\u958b\u767c\u51fa\u4e86\u4e00\u5957\u975e\u5e38\u56b4\u683c\u7684\u7522\u54c1\u5b89\u5168\u6027\u8a55\u4f30\u7a0b\u5f0f\u3002<\/p>\n<p>\u65e9\u5728\u793e\u6703\u4ee5\u53ca\u6cd5\u898f\u63a7\u7ba1\u5c0d\u52d5\u7269\u6e2c\u8a66\u63d0\u51fa\u8cea\u7591\u4e4b\u524d\uff0c\u840a\u96c5\u5df2\u7d93\u81f4\u529b\u65bc\u4e0d\u6d89\u53ca\u52d5\u7269\u7684\u7522\u54c1\u5b89\u5168\u6027\u8a55\u4f30\u65b0\u65b9\u6cd5\u7684\u958b\u767c\u3002<\/p>\n<p>\u4f5c\u70ba\u9019\u4e00\u9818\u57df\u7684\u771f\u6b63\u5148\u9a45\u8005\uff0c\u840a\u96c5\u81ea1979\u5e74\u5c31\u901a\u904e\u5728\u5be6\u9a57\u5ba4\u4e2d\u91cd\u5efa\u76ae\u819a\u6a21\u578b\u4f86\u7cbe\u5fc3\u7814\u5275\u7528\u65bc\u66ff\u4ee3\u52d5\u7269\u6e2c\u8a66\u7684\u5b89\u5168\u6027\u6e2c\u8a66\u3002<\/p>\n<p>1989\u5e74\uff0c\u840a\u96c5\u96c6\u5718\u5df2\u5b8c\u5168\u505c\u6b62\u901a\u904e\u52d5\u7269\u4f86\u6e2c\u8a66\u5176\u7522\u54c1\uff0c\u9019\u6bd4\u6cd5\u898f\u8981\u6c42\u63d0\u65e9\u4e8614\u5e74\u3002<\/p>\n<p>\u5230\u4eca\u65e5\uff0c\u840a\u96c5\u96c6\u5718\u5df2\u5b8c\u5168\u505c\u6b62\u85c9\u7531\u52d5\u7269\u4f86\u6e2c\u8a66\u5176\u7522\u54c1\u6210\u5206\u4e4b\u4f5c\u6cd5\uff0c\u4e26\u4e14\u4e0d\u518d\u5bb9\u5fcd\u4efb\u4f55\u4f8b\u5916\u4f5c\u6cd5\u3002<\/p>\n<p>\u67d0\u4e9b\u885b\u751f\u7576\u5c40\u53ef\u80fd\u4ecd\u6c7a\u5b9a\u91dd\u5c0d\u67d0\u4e9b\u5316\u599d\u54c1\u9032\u884c\u52d5\u7269\u6e2c\u8a66\uff0c\u800c\u5728\u4e2d\u570b\u4ecd\u662f\u5982\u6b64\u3002<\/p>\n<p>\u840a\u96c5\u8d85\u904e\u5341\u5e74\u4ee5\u4f86\u4e00\u76f4\u662f\u6700\u7a4d\u6975\u81f4\u529b\u8207\u4e2d\u570b\u653f\u5e9c\u76f8\u95dc\u90e8\u9580\u4ee5\u53ca\u79d1\u5b78\u5bb6\u5011\u7dca\u5bc6\u5408\u4f5c\u7684\u516c\u53f8\uff0c\u4ee5\u671f\u901a\u904e\u5408\u529b\u8b93\u66ff\u4ee3\u6027\u6e2c\u8a66\u65b9\u6cd5\u5f97\u4ee5\u8a8d\u53ef\uff0c<\/p>\n<p>\u5f9e\u800c\u63a8\u52d5\u5316\u599d\u54c1\u6cd5\u898f\u5411\u5fb9\u5e95\u53d6\u6d88\u52d5\u7269\u6e2c\u8a66\u7684\u65b9\u5411\u767c\u5c55\u3002<\/p>\n<p>\u6b63\u56e0\u5982\u6b64\uff0c\u81ea2014\u5e74\u8d77\uff0c\u5728\u4e2d\u570b\u751f\u7522\u548c\u92b7\u552e\u7684\u4e00\u4e9b\u7279\u5b9a\u7522\u54c1\uff0c\u5982\u6d17\u9aee\u7cbe\u3001\u6c90\u6d74\u9732\u6216\u5f69\u599d\u7522\u54c1\u5df2\u4e0d\u518d\u4f7f\u7528\u52d5\u7269\u6e2c\u8a66\u3002<\/p>\n<p>&nbsp;<\/p>\n<p>&nbsp;<\/p>\n<p>&nbsp;<\/p>\n<p>&nbsp;<\/p>\n<p>\u53c3\u8003\u8cc7\u6599\uff1a<a href=\"https:\/\/www.loreal.com.tw\/ji-tuan\/gong-si-gai-kuang\/ren-shi-wo-men.htm\">https:\/\/www.loreal.com.tw\/ji-tuan\/gong-si-gai-kuang\/ren-shi-wo-men.htm<\/a><\/p>\n","protected":false},"excerpt":{"rendered":"<p>\u840a\u96c5\u96c6\u5718 \u5275\u8fa6\u65bc1909\u5e74\uff0c\u662f\u4e16\u754c\u4e0a\u6700\u5927\u6700\u8457\u540d\u7684\u5316\u599d\u54c1\u4f01\u696d\uff0c\u540c\u6642\u4e5f\u662f\u8ca1\u5bcc\u5168\u740350<\/p>\n","protected":false},"author":9,"featured_media":0,"parent":880,"menu_order":1,"comment_status":"closed","ping_status":"closed","template":"","meta":{"_bbp_topic_count":0,"_bbp_reply_count":0,"_bbp_total_topic_count":0,"_bbp_total_reply_count":0,"_bbp_voice_count":0,"_bbp_anonymous_reply_count":0,"_bbp_topic_count_hidden":0,"_bbp_reply_count_hidden":0,"_bbp_forum_subforum_count":0,"footnotes":""},"tags":[],"class_list":["post-903","page","type-page","status-publish","hentry"],"_links":{"self":[{"href":"https:\/\/si.secda.info\/scuib201901\/index.php?rest_route=\/wp\/v2\/pages\/903","targetHints":{"allow":["GET"]}}],"collection":[{"href":"https:\/\/si.secda.info\/scuib201901\/index.php?rest_route=\/wp\/v2\/pages"}],"about":[{"href":"https:\/\/si.secda.info\/scuib201901\/index.php?rest_route=\/wp\/v2\/types\/page"}],"author":[{"embeddable":true,"href":"https:\/\/si.secda.info\/scuib201901\/index.php?rest_route=\/wp\/v2\/users\/9"}],"replies":[{"embeddable":true,"href":"https:\/\/si.secda.info\/scuib201901\/index.php?rest_route=%2Fwp%2Fv2%2Fcomments&post=903"}],"version-history":[{"count":39,"href":"https:\/\/si.secda.info\/scuib201901\/index.php?rest_route=\/wp\/v2\/pages\/903\/revisions"}],"predecessor-version":[{"id":1485,"href":"https:\/\/si.secda.info\/scuib201901\/index.php?rest_route=\/wp\/v2\/pages\/903\/revisions\/1485"}],"up":[{"embeddable":true,"href":"https:\/\/si.secda.info\/scuib201901\/index.php?rest_route=\/wp\/v2\/pages\/880"}],"wp:attachment":[{"href":"https:\/\/si.secda.info\/scuib201901\/index.php?rest_route=%2Fwp%2Fv2%2Fmedia&parent=903"}],"wp:term":[{"taxonomy":"post_tag","embeddable":true,"href":"https:\/\/si.secda.info\/scuib201901\/index.php?rest_route=%2Fwp%2Fv2%2Ftags&post=903"}],"curies":[{"name":"wp","href":"https:\/\/api.w.org\/{rel}","templated":true}]}}